e 0 = 3*o + w - 75. Calculate the remainder when o is divided by 4.
3
Let l be 2/10 + 23/((-345)/(-432)). Suppose -5*k = g + 25, -3*k + 4*g = -0*g + 15. Let b = l - k. Calculate the remainder when b is divided by 9.
7
Suppose 2*s - 3*f = -6*f + 113, 5*f = 3*s - 217. Calculate the remainder when 213 is divided by s.
21
Let i(t) = t - 1. Suppose -4*y - 10*y = -84. Calculate the remainder when (-16)/(-10)*(-5)/(-1) is divided by i(y).
3
Suppose -5*l = -p - 3*p - 442, 3*p - 96 = -l. Let z be ((-63)/(-27))/(2/l). Calculate the remainder when 21 is divided by 1169/z - 2/15.
10
Suppose 0 = -7*o - 73 + 178. What is the remainder when 89 is divided by o?
14
Suppose 0 = -5*r + 163 + 677. Suppose -3*x + 2*j + r = 0, 2*x + 5*j + 217 = 6*x. Let z = 151 - x. Calculate the remainder when z is divided by 24.
21
Suppose -8*c + 137 = -495. What is the remainder when c is divided by 25?
4
Calculate the remainder when 207 is divided by (-11 - -12)*(0 - -53).
48
Let n = 943 + -920. Calculate the remainder when 88 is divided by n.
19
Let l = -46 - -129. What is the remainder when 411 is divided by l?
79
Suppose 39 = 3*t - 0*g - 4*g, 3 = -g. Suppose -3*n + 8*n = 50. Let p = 43 - n. Calculate the remainder when p is divided by t.
6
Suppose 5*g - g = 28. What is the remainder when g is divided by 4?
3
Let p = -6 + 11. Let r = 229 + -83. Suppose p*y + r - 471 = 0. What is the remainder when y is divided by 23?
19
Suppose -5*r + 6 = -2*r. What is the remainder when r - (-21 + 3 + -2) is divided by 15?
7
Suppose 0 = 36*m - 57*m + 630. Calculate the remainder when 183 is divided by m.
3
Let h be 137 + 7 - (-1 - -3)*-1. Suppose 5*z + 117 = -2*s + 467, 2*z + 2*s = h. Calculate the remainder when z is divided by 23.
22
Let n(j) = -j**3 + 4*j**2 - 5. Let r be n(4). Let q = r + 26. Calculate the remainder when 61 is divided by q.
19
Suppose u - 8 = 3. Let h = 834 + -831. What is the remainder when u is divided by h?
2
Let j = -13 + 6. Let w = j + 17. Calculate the remainder when 6 is divided by (-12)/w*(-20)/6.
2
Suppose -9*m - 161 = -16*m. Suppose 0 = -4*h - 0*h + 2*d + 160, 0 = -3*h - 4*d + 142. Calculate the remainder when h is divided by m.
19
Let k(f) = -f**2 - 12*f + 26. Let b be k(-12). Let g = 31 - b. Calculate the remainder when 35 is divided by g.
0
Let j be (-4)/22 - 1368/(-264). Calculate the remainder when 36 is divided by j + 6 - (-4 - -2).
10
Let d(l) = 3*l - 37. What is the remainder when d(18) is divided by 3?
2
What is the remainder when 435 is divided by (-1 - -366)*51/255?
70
Let n(a) = 6*a - 4. Let z(t) = -7*t + 4. Let s(j) = -6*n(j) - 5*z(j). Let r be s(3). Suppose 5*b - 26 = -r. What is the remainder when 14 is divided by b?
4
Let l be 183/(-21) + 4/(-14). Let o be (-870)/l*48/20. What is the remainder when (o/(-8))/((-2)/2) is divided by 8?
5
Suppose -2*i = -0*w + 4*w - 22, 4*w = 3*i - 33. Suppose 7*j - 72 = i*j. Calculate the remainder when 60 is divided by 63/j*12/(-2).
18
Suppose -10 = 4*c - 6*c. Let h(z) = 15*z - 27. What is the remainder when h(c) is divided by 26?
22
Let b(g) = 10*g**2 + 2*g. What is the remainder when 72 is divided by b(-2)?
0
Suppose -4*a + 2 + 18 = 0. Suppose 66 = 2*u + 4*h, 4*u - 3*u - 42 = -a*h. What is the remainder when u is divided by 10?
7
Suppose 30 - 8 = 2*f. Calculate the remainder when (-2 - (-20)/(-8))*(-168)/18 is divided by f.
9
Let l(g) = 2*g**2 - 2*g - 2. Let d be (6 + -5)/((-1)/2). Suppose 3*w - 115 = -0*p - 2*p, 0 = -3*p - 3. What is the remainder when w is divided by l(d)?
9
Suppose -5*q + 20 = -0*q. Let g be ((-12)/(-15))/((-2)/(-10)). Suppose q = -g*c + 3*b + 40, 0 = 4*b. What is the remainder when 34 is divided by c?
7
Let b(l) = -l**3 + 6*l**2 - 6. Let c be b(5). Let x = c - 13. What is the remainder when 63 is divided by x?
3
Suppose 13*t = 7 + 19. Calculate the remainder when (3 - 174/(-4))*t + 0 is divided by 24.
21
Calculate the remainder when 110 is divided by 752/25 - 48/600.
20
Let f = 6 + 59. Suppose 0 = -2*z - 3*z + f. Calculate the remainder when 49 is divided by z.
10
Let y(u) = -2*u + 292. What is the remainder when y(-17) is divided by 40?
6
Let g(p) = -34*p + 810. Calculate the remainder when 135 is divided by g(23).
23
Let t = 2 + 1. Suppose -7*s + 4*s - 9 = 5*a, -4*s + 2 = 2*a. Calculate the remainder when t is divided by s.
1
Let m(x) = 16*x. Suppose -b - 17*b = -936. Calculate the remainder when b is divided by m(1).
4
Let t(v) = -v**3 + 7*v**2 + 27*v + 23. Calculate the remainder when 517 is divided by t(9).
101
Let v = -458 + 480. Suppose -h - 5*z + 111 - 44 = 0, -z + 170 = 2*h. What is the remainder when h is divided by v?
21
Let g be ((-18)/15)/((-9)/(-30)). What is the remainder when (g - 0)*84/(-24) is divided by 3?
2
Let n(f) = -3*f**3 + 99*f**2 - 76*f - 23. Calculate the remainder when n(32) is divided by 103.
102
Suppose q + 3*s = 61, -5*s = 4*q - 3*s - 254. What is the remainder when 383 is divided by q?
63
Suppose 5*a = -3*p + 511 + 140, -3*a + 5*p = -377. Let k = a + -101. What is the remainder when 47 is divided by k?
19
Let s(t) = t**2 + t - 1. Let j(h) = -4*h**3 - 18*h + 3*h**3 - 4 - 4 + 5*h + 6*h**2. Let z(m) = j(m) + 5*s(m). What is the remainder when z(10) is divided by 2?
1
Let n = 201 + -173. What is the remainder when n is divided by 11?
6
Let m = -95 + 103. Suppose -m = 2*v - 24. Calculate the remainder when v is divided by 3.
2
Suppose 78*v - 8410 + 2014 = 0. What is the remainder when 1392 is divided by v?
80
Let q(u) = u + 3. Suppose -13 + 1 = -3*o. What is the remainder when (o/(-4) + 0)/((-3)/69) is divided by q(5)?
7
Let i(g) = g**2 - 6*g + 79. Calculate the remainder when i(-7) is divided by 59.
52
Suppose 93 = w + 3*o - o, 5*w - 5*o - 510 = 0. Let b = 142 - w. Let j = -14 + b. What is the remainder when j is divided by 16?
13
What is the remainder when (38/(-2))/(8 - 137/17) is divided by 27?
26
Suppose 148 + 572 = -20*x. Let t be -1 - (-1)/(1/(-9)). Calculate the remainder when (x/t)/(7/35) is divided by 5.
3
Suppose -2*p = -3*p + 14. Let w = 620 - 566. Calculate the remainder when w is divided by p.
12
Let s = 14 + -5. What is the remainder when 2583/60 - 51/1020 is divided by s?
7
Let g = 75 - 58. Suppose -3*w = 2*k - 155 + 24, k - 4*w - 71 = 0. What is the remainder when k is divided by g?
16
Let k = 31 - 38. Let c = k + 3. Calculate the remainder when 0 + c + (-390)/(-10) is divided by 12.
11
Let b = 28 - -284. What is the remainder when b is divided by 45?
42
Let i(t) = 38*t**3 + 5*t**2 - 8*t + 4. What is the remainder when 193 is divided by i(1)?
37
Calculate the remainder when 96 is divided by 0 + 32 - 612/102.
18
Let o be 40/((-16)/4) + -3. Let v = o + 40. Calculate the remainder when v is divided by 10.
7
Suppose 4*g + 48 = -10*r + 12*r, 0 = -4*r - 5*g + 148. What is the remainder when r is divided by 17?
15
Calculate the remainder when (25 + -7)*2*(-7)/(-28) is divided by 2.
1
Suppose -3*m + 42 = 3*f, -4*m + 27 + 21 = 2*f. What is the remainder when 82 is divided by (3 - 42/m)/(4/(-70))?
19
Suppose z - 7 = -6*z. Calculate the remainder when (14/8 - z/4)*82 is divided by 31.
30
Let w(d) = -d**3 - 9*d**2 + 13*d + 52. Suppose 80 = -4*m - 4*m. What is the remainder when 41 is divided by w(m)?
19
Suppose 7*x = 1284 - 101. Calculate the remainder when x is divided by 29.
24
Let f = 2 + 1. Suppose 81 = -f*l + 4*l. Let u = -10824 + 10845. What is the remainder when l is divided by u?
18
Suppose -3*s + 64 = o, -4*o - 28 = -s - o. Calculate the remainder when 83 is divided by s.
17
What is the remainder when 39 is divided by (-10)/4 - 1863/(-54)?
7
Suppose s + u = 16 + 10, -42 = -2*s - 4*u. Let f = 31 + -35. Calculate the remainder when s is divided by 6 - (4/(-3))/(f/(-6)).
7
Suppose 132*k = 130*k + 184. Calculate the remainder when k is divided by 37.
18
Let c(y) be the first derivative of -y**2/2 - y + 3. Let j be c(4). Calculate the remainder when 82 is divided by (40/(-12))/j*33.
16
Suppose 0 = 3*j + 4*r - 72, 3*j - 3*r + 120 = 8*j. Calculate the remainder when j is divided by 14.
10
Suppose 2*z + 336 = 9*z. Suppose 0 = 5*u - 2 - z. Calculate the remainder when (19/(-3))/((-2)/6) is divided by u.
9
Let y(i) = -i - 5. Let h be y(-4). Calculate the remainder when 98/2 + 4 - h is divided by 11.
10
Let r(l) be the second derivative of 7*l**3/2 - 5*l**2